hat is the units digit of (18/o)/((-6)/16)?
6
Suppose -12*a = -240 - 480. Suppose 3*q = s + 52, -5*q + 8*q = 3*s + a. What is the tens digit of q?
1
Let x(m) = 58*m**2 - 2*m + 4. What is the tens digit of x(2)?
3
Suppose 2*i = -0*i - 3*s + 15, -5*s + 25 = 0. What is the hundreds digit of 2/(-2) + (196 - (i + -4))?
1
Let i(d) = d**2 + 3*d - 7. Let a be i(-5). Suppose 0 = -19*p + 1438 - 70. Suppose -a*y = y - p. What is the units digit of y?
8
Suppose 3*j + d - 290 = -71, -5*j + 361 = 3*d. Suppose -4*i + t = -85, 0 = 5*i - t - 33 - j. Suppose -i - 8 = -2*o. What is the tens digit of o?
1
Suppose 0 = -0*f + 3*f + 9. Let d(r) = -r**2 - 10*r + 1. What is the tens digit of d(f)?
2
Let p(t) = 3*t**2. Let i be p(1). Suppose 0 = i*k + 5*l, 3*k + 2*l = 4*l + 21. Suppose k*y = -9 + 144. What is the units digit of y?
7
Suppose x + 3 = 6. Suppose 0 = -3*g + 3*v - x, -g + 2*v = -2*v + 10. What is the units digit of g?
2
Suppose 6*h = 3*h + 9. Suppose h*i = 3*s - 36, 0*s = -3*s - 4*i + 22. What is the units digit of ((-3)/(-2))/(3/s)?
5
Let k be (-6)/2 - (-4 + -1). Suppose 113 = k*c - 91. What is the hundreds digit of c?
1
Let z(o) = 2*o**3 - 8*o**2 - 16*o + 25. What is the hundreds digit of z(9)?
6
Let v(s) = -4*s - 3 + s**2 + s + 0*s. Let i be v(5). Suppose 0 = o - 4 - i. What is the tens digit of o?
1
Let d = -54 + 103. Suppose -d - 23 = -2*j. What is the tens digit of j?
3
Let r = -45 + 32. What is the units digit of (-6)/(-2) - r/13?
4
Let v = 5335 - 3569. What is the tens digit of v?
6
Let f be ((-3 - -2) + 4)*4. Let u be f/((18/(-4))/(-3)). Suppose m - u = -n, -4*m + 3*m = -5*n + 16. What is the units digit of m?
4
Let a be ((-36)/(-1))/((-12)/(-126)). Suppose -5*p = 4*p - a. What is the units digit of p?
2
Suppose 42 = 20*v - 17*v. Let t(q) = 2*q**2 - 27*q + 7. What is the units digit of t(v)?
1
Let d(y) = 316*y - 9. What is the hundreds digit of d(2)?
6
Let f = 3895 + -1738. What is the units digit of f?
7
Let t be 2/5 + 184/(-10). What is the units digit of 97/9 + (-4)/t?
1
Suppose 0*q = 2*q - 2*c - 24, 0 = -2*q - 5*c + 3. Let t(i) = 7*i - 33. What is the units digit of t(q)?
0
Suppose -38227 = -36*w - 2407. What is the tens digit of w?
9
Let o(v) = -v**2 + 5*v + 4. Let a be o(6). Let l be a/4 - 342/(-12). Suppose -u = -5*u + l. What is the units digit of u?
7
Let x = 12791 + -8891. What is the units digit of x?
0
Let c(v) = 8*v**2 + v. Let n be c(-1). Suppose k + 3*x = -n + 1, -5*x = 5*k + 20. What is the tens digit of k + -1 + 0 + 26?
2
Let c(o) = -o**3 - o**2 + 2*o + 1. Let t be c(-4). Let j = t + -25. Suppose -14 - j = -2*l. What is the tens digit of l?
1
Let b = 5577 - 3861. What is the thousands digit of b?
1
What is the tens digit of 3*((-5970)/(-18) + -1)?
9
Let j(k) = 2*k**2 - 26*k - 166. What is the hundreds digit of j(-13)?
5
What is the hundreds digit of 1897 - -2*(-5)/(-10)?
8
Let u(p) be the first derivative of -p**3/3 + 7*p**2/2 - p - 2. Let q be u(8). Let j = q - -14. What is the units digit of j?
5
Let r be ((-2)/3)/((-4)/18). Suppose 4*g - 17 = r*a, a - 3 = -2*a. What is the units digit of g?
5
Let y = -69 - -38. What is the tens digit of (y + (7 - 4))*-1?
2
Let g be ((-63)/18)/(1/(-2)). Suppose 3*z = g*z. What is the units digit of 4 + 0 + z + 25?
9
Let t = 25 + -7. Let k = -1 - -3. Let c = k + t. What is the tens digit of c?
2
Suppose -5*y = -10*y + 20. Suppose 0 = -0*l + y*l - 8. Suppose 0 = -2*z - 4*a + 110, -20 = l*a - 6*a. What is the tens digit of z?
4
Let t(m) = 52*m - 232. What is the hundreds digit of t(31)?
3
Suppose -s = -4*i - 16, -5*s + 2*i + 2 = -6. What is the tens digit of (s - -3)/(((-9)/111)/(-3))?
1
Let n(w) = -5 - 98*w - 51*w + 95*w. What is the hundreds digit of n(-2)?
1
Let f(o) = 220*o - 211. What is the tens digit of f(2)?
2
Suppose -s - 4*c + 322 = -0*c, 0 = -5*s + 3*c + 1518. Suppose -2*g - s = -3*i, 0*i = -2*i + 4*g + 196. What is the units digit of i?
4
Let v = 69 + -66. Suppose 3*f = v*y + 4*f - 287, 5*f - 91 = -y. What is the tens digit of y?
9
Let z be 0 - (-3 + (-12)/3). Suppose b - 24 + z = 0. What is the tens digit of b?
1
Suppose -3*g + 47 = 5. Suppose -u = -2*u + 9. Suppose -u = -q + g. What is the tens digit of q?
2
Suppose -1 = -4*t + 7. Suppose t*d = -4*z - 12, 4*z - 3 + 25 = -3*d. What is the tens digit of ((-462)/35)/(3/d)?
4
Suppose 19*g + 2 = 18*g, -3*g = p - 347. What is the hundreds digit of p?
3
Let y be (6*2/6)/(4/638). Let i = y + -179. What is the tens digit of i?
4
Let p(l) = -7*l + 25. What is the tens digit of p(-1)?
3
Let l = 538 + -300. What is the tens digit of l?
3
What is the hundreds digit of (1181/3 + -13)*(-6)/(-4)?
5
Let q be 15/25 + 2086/(-10). What is the units digit of 3*(q/(-12))/4?
3
Let d = 45 - 18. Let s = 622 - 619. Suppose -w = k, k + s*k + d = 5*w. What is the units digit of w?
3
Let f(a) = a**2 + 10*a + 42. Let b be f(-8). Let z = -14 + 6. Let j = b + z. What is the units digit of j?
8
Suppose -41*w - 412 = -2421. What is the units digit of w?
9
Let g = 48 - 33. Suppose 0 = -g*l + 10*l + 370. What is the units digit of l?
4
Suppose 0 = 5*k + 3*q, -32 = -0*k - 4*k + 4*q. Suppose -2*b - y + 36 = -k*y, y = -2*b + 39. Let u = b - 18. What is the units digit of u?
1
Suppose -4*o = 5*h + 8, 4*o - h - 4 = -3*h. Let s = 1 + o. Suppose 6 = s*w - 3*w. What is the units digit of w?
6
Let u(p) = 232*p - 260. What is the hundreds digit of u(6)?
1
What is the hundreds digit of ((-3)/(-9)*-597)/((-1)/2)?
3
Let p(r) = -66*r + 247. What is the units digit of p(-10)?
7
Let d = -1164 + 1292. What is the hundreds digit of d?
1
Let m(s) = -2*s**2 - s - 2. Let u be m(-2). Let j be -10 - (0/2)/4. Let r = u - j. What is the units digit of r?
2
Let d(f) = 30*f**2 - 6*f - 5. What is the tens digit of d(-5)?
7
Suppose -390 = -2*s + 2*a, -3*s + 7*s = -a + 800. What is the units digit of s?
9
Let q(s) = s**3 - s**2 - 4*s. Let o be q(3). What is the tens digit of 436/o + 4/(-6)?
7
Let w(m) = -m**3 - 4*m**2 + 3*m - 6. Let u be w(-5). Suppose -480 = -u*k - 4*r, 0 = -0*k + 2*k - 2*r - 228. What is the tens digit of k?
1
Let r(v) = -17*v - 31. Let x(m) = 25*m + 46. Let f(k) = -7*r(k) - 5*x(k). What is the units digit of f(-3)?
5
Let y be 6 - 1/(-1 + 2). Suppose -8 = -2*j - 2*j. Suppose -75 = j*h - y*h. What is the tens digit of h?
2
Let c(s) = -11*s**2 + s**3 - 2*s + 2*s**2 + 5*s**2 + 2. What is the units digit of c(5)?
7
Let j be ((-2)/5)/((-3)/15). Suppose -2*d = 4*a - 368, 0 = -a + 6*d - j*d + 83. What is the units digit of a?
1
Let i = -1 - -1. Let p = 177 - 177. Suppose i*x - 4*x + 240 = p. What is the units digit of x?
0
Suppose -3*i + 2*q = -1381, 0 = 3*i + 5*q - 246 - 1142. What is the tens digit of i?
6
Let x(k) = -15 + 11*k - 3 - 7 + k**2 - 10. What is the tens digit of x(-17)?
6
Let i(a) = 3 + 2*a - 6 + 3 + 3. Let x be i(9). Let q = x + -5. What is the tens digit of q?
1
Suppose 75 + 417 = 6*k. What is the units digit of k + (-4)/4 + 2 - 2?
1
Let g be 28/3*(4 + 5). Suppose 19*p - 13*p = g. What is the units digit of p?
4
Suppose -3*t = -2*v - v + 108, -2*v - t + 66 = 0. Suppose 40*h = v*h + 582. What is the units digit of h?
7
Let c(l) = 0*l**2 - 6 + 3*l**2 + 3*l**2 - 5*l**2 + 3*l. What is the units digit of c(-6)?
2
Suppose u - 4 = -1. Suppose -4 = -u*w - 1. What is the units digit of (w - 2)/((-3)/84)?
8
What is the tens digit of 2/(-20)*-2 + (-9245)/(-25)?
7
Suppose 25 + 5 = 3*b. Suppose -2*z = -5*m + 95, 9 = m - 3*z - b. What is the tens digit of m?
1
What is the tens digit of (1/2)/((-34)/(-165172))?
2
Suppose -3*n - 86 + 3 = -z, z - 63 = -2*n. Suppose x = 2*f + 46, 3*x - z = 3*f + 76. What is the tens digit of x?
5
Let f(b) = 334*b - 2. What is the units digit of f(1)?
2
What is the hundreds digit of (-1744)/(-6)*162/108?
4
Let x(u) = -2*u - 14. Let o be x(-6). What is the hundreds digit of 111/(-2)*o + -1?
1
Let f = 1 - 1. Suppose f = -4*l + y - 1, -l = -6*l - y + 1. Suppose -k - k + 58 = l. What is the tens digit of k?
2
Suppose 3*t + 2*b = 4897, 0 = 3*t + t - 3*b - 6552. What is the hundreds digit of t?
6
Suppose -9*l - 520 + 2437 = 0. Suppose -a - 3*p = -l, 3*p = -6*a + 7*a - 213. What is the tens digit of a?
1
Suppose 5*m + 2*t - 2549 = 0, -4*t + 3 = 15. What is the hundreds digit of m?
5
Let h(m) = 3*m**2 + 111*m + 113. What is the units digit of h(-45)?
3
Let i = 